{"id":2350,"date":"2018-05-11T18:53:23","date_gmt":"2018-05-11T18:53:23","guid":{"rendered":"https:\/\/phprimer.afmc.ca\/wp-content\/uploads\/2018\/05\/figure2.9_fr.png"},"modified":"2018-09-06T15:19:44","modified_gmt":"2018-09-06T15:19:44","slug":"figure2-9_fr","status":"inherit","type":"attachment","link":"https:\/\/phprimer.afmc.ca\/en\/part-i-theory-thinking-about-health\/figure2-9_fr\/","title":{"rendered":"Figure 2.9 : Un mod\u00e8le \u00e9cologique des influences sur la sant\u00e9"},"author":1,"featured_media":0,"comment_status":"closed","ping_status":"closed","template":"","meta":[],"class_list":["post-2350","attachment","type-attachment","status-inherit","hentry"],"aioseo_notices":[],"description":{"rendered":"<p class=\"attachment\"><a href='https:\/\/phprimer.afmc.ca\/wp-content\/uploads\/2018\/05\/figure2.9_fr.png'><img loading=\"lazy\" decoding=\"async\" width=\"300\" height=\"225\" src=\"https:\/\/phprimer.afmc.ca\/wp-content\/uploads\/2018\/05\/figure2.9_fr-300x225.png\" class=\"attachment-medium size-medium\" alt=\"Figure 2.9 : Un mod\u00e8le \u00e9cologique des influences sur la sant\u00e9\" srcset=\"https:\/\/phprimer.afmc.ca\/wp-content\/uploads\/2018\/05\/figure2.9_fr-300x225.png 300w, https:\/\/phprimer.afmc.ca\/wp-content\/uploads\/2018\/05\/figure2.9_fr.png 666w\" sizes=\"auto, (max-width: 300px) 100vw, 300px\" \/><\/a><\/p>\n"},"caption":{"rendered":"<p>Figure 2.9 : Un mod\u00e8le \u00e9cologique des influences sur la sant\u00e9<\/p>\n"},"alt_text":"Figure 2.9 : Un mod\u00e8le \u00e9cologique des influences sur la sant\u00e9","media_type":"image","mime_type":"image\/png","media_details":{"width":666,"height":500,"file":"2018\/05\/figure2.9_fr.png","sizes":{"thumbnail":{"file":"figure2.9_fr-150x150.png","width":150,"height":150,"mime_type":"image\/png","source_url":"https:\/\/phprimer.afmc.ca\/wp-content\/uploads\/2018\/05\/figure2.9_fr-150x150.png"},"medium":{"file":"figure2.9_fr-300x225.png","width":300,"height":225,"mime_type":"image\/png","source_url":"https:\/\/phprimer.afmc.ca\/wp-content\/uploads\/2018\/05\/figure2.9_fr-300x225.png"},"full":{"file":"figure2.9_fr.png","width":666,"height":500,"mime_type":"image\/png","source_url":"https:\/\/phprimer.afmc.ca\/wp-content\/uploads\/2018\/05\/figure2.9_fr.png"}},"image_meta":{"aperture":"0","credit":"","camera":"","caption":"","created_timestamp":"0","copyright":"","focal_length":"0","iso":"0","shutter_speed":"0","title":"","orientation":"0","keywords":[]}},"post":505,"source_url":"https:\/\/phprimer.afmc.ca\/wp-content\/uploads\/2018\/05\/figure2.9_fr.png","_links":{"self":[{"href":"https:\/\/phprimer.afmc.ca\/en\/wp-json\/wp\/v2\/media\/2350","targetHints":{"allow":["GET"]}}],"collection":[{"href":"https:\/\/phprimer.afmc.ca\/en\/wp-json\/wp\/v2\/media"}],"about":[{"href":"https:\/\/phprimer.afmc.ca\/en\/wp-json\/wp\/v2\/types\/attachment"}],"author":[{"embeddable":true,"href":"https:\/\/phprimer.afmc.ca\/en\/wp-json\/wp\/v2\/users\/1"}],"replies":[{"embeddable":true,"href":"https:\/\/phprimer.afmc.ca\/en\/wp-json\/wp\/v2\/comments?post=2350"}],"wp:attached-to":[{"embeddable":true,"post_type":"page","id":505,"href":"https:\/\/phprimer.afmc.ca\/en\/wp-json\/wp\/v2\/pages\/505"}],"curies":[{"name":"wp","href":"https:\/\/api.w.org\/{rel}","templated":true}]}}

Figure 2.9 : Un modèle écologique des influences sur la santé

<p class="attachment"><a href='https://phprimer.afmc.ca/wp-content/uploads/2018/05/figure2.9_fr.png'><img loading="lazy" decoding="async" width="300" height="225" src="https://phprimer.afmc.ca/wp-content/uploads/2018/05/figure2.9_fr-300x225.png" class="attachment-medium size-medium" alt="Figure 2.9 : Un modèle écologique des influences sur la santé" srcset="https://phprimer.afmc.ca/wp-content/uploads/2018/05/figure2.9_fr-300x225.png 300w, https://phprimer.afmc.ca/wp-content/uploads/2018/05/figure2.9_fr.png 666w" sizes="auto, (max-width: 300px) 100vw, 300px" /></a></p>

<p>Figure 2.9 : Un modèle écologique des influences sur la santé</p>
